osite?
True
Is 3219240587 a prime number?
True
Is 31648915019 composite?
False
Is 234487867 prime?
True
Is 647022169 a composite number?
True
Is 4328073143 a prime number?
True
Is 35475146849 a composite number?
True
Is 1682902951 composite?
True
Is 1674600101 a prime number?
True
Is 75250775731 prime?
True
Is 31049812531 a prime number?
False
Is 6503813251 a composite number?
True
Is 955586459 prime?
False
Is 1407045683 a prime number?
True
Is 99721752931 a composite number?
True
Is 129298018281 prime?
False
Is 18330972851 a prime number?
True
Is 1279858813 composite?
False
Is 4097200171 a composite number?
False
Is 61085891 a prime number?
False
Is 4661645779 prime?
False
Is 8083835293 prime?
False
Is 2159376979 prime?
True
Is 66289541 prime?
True
Is 7017123317 prime?
True
Is 7619602093 a prime number?
False
Is 32463623107 a prime number?
True
Is 1303602031 a composite number?
True
Is 1487449331 a composite number?
True
Is 21124217 prime?
False
Is 6838426054 prime?
False
Is 48100010521 composite?
True
Is 117044831 composite?
False
Is 1227634057 composite?
True
Is 333540373 a composite number?
False
Is 5690094517 a prime number?
False
Is 17991857957 a composite number?
False
Is 1994101957 composite?
False
Is 15423277837 prime?
False
Is 3735168131 composite?
False
Is 3557829839 a prime number?
False
Is 184081043689 a composite number?
False
Is 3629055883 prime?
False
Is 12073654517 composite?
True
Is 4547951951 prime?
True
Is 353594696239 a composite number?
False
Is 1811976847 composite?
False
Is 62549405939 composite?
False
Is 4795347101 a prime number?
True
Is 461617421 prime?
True
Is 1689941705 a prime number?
False
Is 170991543 a prime number?
False
Is 1868806483 a composite number?
True
Is 1262694701 composite?
False
Is 54492273623 a composite number?
False
Is 14058001 a prime number?
False
Is 19953268289 composite?
False
Is 11236111949 composite?
False
Is 16319344693 a composite number?
True
Is 13582082741 a prime number?
True
Is 37832314537 composite?
True
Is 1443048103 a prime number?
False
Is 1338100691 a composite number?
False
Is 143008781 a composite number?
False
Is 2604019766 a composite number?
True
Is 150602339 a composite number?
True
Is 47411307187 composite?
True
Is 101563261 a prime number?
False
Is 3273669119 prime?
False
Is 25606122803 composite?
True
Is 789665081 prime?
False
Is 1554254687 composite?
False
Is 46870183 prime?
False
Is 17994731801 a prime number?
True
Is 1465438999 a composite number?
False
Is 67884735943 a prime number?
False
Is 4574827949 composite?
True
Is 171964691 a composite number?
False
Is 211952324951 a prime number?
True
Is 3741957923 prime?
False
Is 917422822 a prime number?
False
Is 2854001 prime?
False
Is 532616881 prime?
False
Is 2281634909 a prime number?
True
Is 50943701477 composite?
False
Is 439469291 prime?
False
Is 117687207817 prime?
False
Is 13627905493 a composite number?
True
Is 23456328209 a prime number?
True
Is 3009801433 a prime number?
False
Is 13742768003 a composite number?
False
Is 59715913349 composite?
False
Is 49030698737 a composite number?
True
Is 2863077961 composite?
True
Is 3574496039 a prime number?
False
Is 161766505931 a prime number?
True
Is 386078647 prime?
True
Is 40544923259 a composite number?
False
Is 44853361649 prime?
False
Is 54029074523 composite?
True
Is 314195597945 composite?
True
Is 16902113 prime?
False
Is 233229263957 composite?
False
Is 943008881 a composite number?
True
Is 6184207009 prime?
True
Is 1798893529 a composite number?
True
Is 147481853 composite?
True
Is 31134162437 a prime number?
False
Is 238274753 a composite number?
True
Is 31199461435 a prime number?
False
Is 4916719267 a prime number?
False
Is 11393946799 a composite number?
True
Is 52700583563 prime?
True
Is 4818791069 prime?
True
Is 15690431 prime?
True
Is 208540201 a prime number?
False
Is 4382774065 composite?
True
Is 331489153 composite?
False
Is 44684424833 composite?
False
Is 1152317897 composite?
False
Is 1400588779 a composite number?
False
Is 6382312093 prime?
True
Is 1802065637 prime?
False
Is 2002315099 prime?
True
Is 159139073 a prime number?
False
Is 1305485774 composite?
True
Is 9578978251 prime?
True
Is 52507004863 a composite number?
False
Is 4419291193 prime?
True
Is 246122323 composite?
False
Is 895143397 a prime number?
True
Is 47273900459 a prime number?
False
Is 9622495507 a prime number?
False
Is 42417863167 prime?
True
Is 58735591 a composite number?
False
Is 85417968827 prime?
False
Is 18699026389 composite?
False
Is 731198549 a composite number?
False
Is 5291624281 a prime number?
False
Is 13599380987 a prime number?
False
Is 426901763 prime?
False
Is 42347877151 a prime number?
False
Is 667648027 a prime number?
True
Is 5686178903 a composite number?
True
Is 4014921938 prime?
False
Is 24855274849 composite?
False
Is 43092961 prime?
False
Is 271868973 a prime number?
False
Is 63422549389 prime?
True
Is 10641841013 prime?
False
Is 652015129 a prime number?
True
Is 483747269 prime?
True
Is 68649534223 composite?
False
Is 853618693 a prime number?
False
Is 3151781753 prime?
True
Is 1108899163 a composite number?
True
Is 369918431 composite?
True
Is 382652653 prime?
True
Is 77482681 a composite number?
False
Is 150401135707 a prime number?
True
Is 73829489 a composite number?
False
Is 18124311 prime?
False
Is 458722247 a prime number?
False
Is 2087014123 a composite number?
True
Is 1017222806 composite?
True
Is 1576555093 composite?
True
Is 2857962985 composite?
True
Is 55371564617 composite?
False
Is 7081782193 composite?
False
Is 1198142969 prime?
True
Is 11500661857 composite?
True
Is 590732878 a composite number?
True
Is 539323033 prime?
False
Is 5689944929 a prime number?
True
Is 1524986711 prime?
True
Is 6000354889 a prime number?
False
Is 10963363643 composite?
True
Is 2244770819 a prime number?
True
Is 9631849937 prime?
False
Is 2026951391 a prime number?
True
Is 1025300063 a prime number?
True
Is 570450887 a composite number?
True
Is 220835662 a composite number?
True
Is 4079008963 prime?
False
Is 5312924993 a composite number?
False
Is 786969473 prime?
True
Is 17016556789 a prime number?
True
Is 824920781 prime?
False
Is 17856794317 composite?
True
Is 116691510503 prime?
False
Is 340013585 a composite number?
True
Is 48261855833 prime?
True
Is 466371519 a prime number?
False
Is 4617221537 a composite number?
True
Is 14391812429 prime?
True
Is 911458504117 a composite number?
True
Is 21576638497 a prime number?
True
Is 7763999057 composite?
False
Is 47501881307 a composite number?
False
Is 24408522485 a composite number?
True
Is 76896787529 composite?
True
Is 687479599 a prime number?
True
Is 3269513333 prime?
False
Is 2526277249 prime?
True
Is 196855201 a composite number?
False
Is 174324599 prime?
True
Is 145851269 a composite number?
True
Is 4162483751 a prime number?
True
Is 6661744643 a prime number?
True
Is 57290185549 composite?
True
Is 2748854139 a prime number?
False
Is 34413516947 a composite number?
False
Is 449877559 prime?
True
Is 24488922941 a composite number?
True
Is 709876303 a prime number?
True
Is 25540600039 prime?
True
Is 219741001 a prime number?
False
Is 30302632541 composite?
False
Is 4103395193 a prime number?
True
Is 911749169 prime?
False
Is 56353669429 a composite number?
False
Is 10323249709 a composite number?
False
Is 330593321 composite?
False
Is 11068531 prime?
False
Is 6140058313 a prime number?
False
Is 26092857353 composite?
True
Is 6368854183 composite?
True
Is 42069539 a composite number?
True
Is 19893556753 composite?
True
Is 64987317229 a composite number?
True
Is 1605201449 composite?
True
Is 14135031545 a prime number?
False
Is 8218139669 a prime number?
True
Is 2854050347 a composite number?
False
Is 1662753949 composite?
False
Is 2493269399 a composite number?
False
Is 9498689389 a prime number?
False
Is 352294601 prime?
True
Is 1699317929 a composite number?
False
Is 19895034869 a prime number?
False
Is 69864769631 prime?
True
Is 13452696239 a composite number?
True
Is 4426176871 composite?
False
Is 33240001 composite?
False
Is 5617586773 prime?
True
Is 4285394903 composite?
False
Is 82613087 a prime number?
False
Is 141179142047 prime?
False
Is 62495643421 composite?
False
Is 5290833467 a prime num